{"id":125,"date":"2025-06-02T09:25:14","date_gmt":"2025-06-02T12:25:14","guid":{"rendered":"https:\/\/wiki.gobiernoriocuarto.gob.ar\/?page_id=125"},"modified":"2025-07-03T11:26:41","modified_gmt":"2025-07-03T14:26:41","slug":"wiki-home","status":"publish","type":"page","link":"https:\/\/wiki.gobiernoriocuarto.gob.ar\/","title":{"rendered":"Inicio"},"content":{"rendered":"\t\t<div data-elementor-type=\"wp-page\" data-elementor-id=\"125\" class=\"elementor elementor-125\">\n\t\t\t\t<div class=\"elementor-element elementor-element-d7dde62 e-flex e-con-boxed e-con e-parent\" data-id=\"d7dde62\" data-element_type=\"container\" data-e-type=\"container\">\n\t\t\t\t\t<div class=\"e-con-inner\">\n\t\t\t\t<div class=\"elementor-element elementor-element-c95cb86 animated-fast elementor-invisible elementor-widget elementor-widget-heading\" data-id=\"c95cb86\" data-element_type=\"widget\" data-e-type=\"widget\" data-settings=\"{&quot;_animation&quot;:&quot;zoomIn&quot;}\" data-widget_type=\"heading.default\">\n\t\t\t\t<div class=\"elementor-widget-container\">\n\t\t\t\t\t<h1 class=\"elementor-heading-title elementor-size-default\">Wiki \u00c1rea de Sistemas<\/h1>\t\t\t\t<\/div>\n\t\t\t\t<\/div>\n\t\t\t\t<div class=\"elementor-element elementor-element-e42232b elementor-widget elementor-widget-image\" data-id=\"e42232b\" data-element_type=\"widget\" data-e-type=\"widget\" data-widget_type=\"image.default\">\n\t\t\t\t<div class=\"elementor-widget-container\">\n\t\t\t\t\t\t\t\t\t\t\t\t\t\t\t<img decoding=\"async\" src=\"https:\/\/png.pngtree.com\/png-clipart\/20240111\/original\/pngtree-boss-business-flat-style-isometric-business-office-scene-png-image_14086444.png\" title=\"\" alt=\"\" loading=\"lazy\" \/>\t\t\t\t\t\t\t\t\t\t\t\t\t\t\t<\/div>\n\t\t\t\t<\/div>\n\t\t\t\t<div class=\"elementor-element elementor-element-cc59bc2 elementor-align-center entries-btn elementor-invisible elementor-widget elementor-widget-button\" data-id=\"cc59bc2\" data-element_type=\"widget\" data-e-type=\"widget\" data-settings=\"{&quot;_animation&quot;:&quot;zoomIn&quot;}\" data-widget_type=\"button.default\">\n\t\t\t\t<div class=\"elementor-widget-container\">\n\t\t\t\t\t\t\t\t\t<div class=\"elementor-button-wrapper\">\n\t\t\t\t\t<a class=\"elementor-button elementor-button-link elementor-size-sm elementor-animation-grow\" href=\"\/?page_id=111\">\n\t\t\t\t\t\t<span class=\"elementor-button-content-wrapper\">\n\t\t\t\t\t\t<span class=\"elementor-button-icon\">\n\t\t\t\t<svg aria-hidden=\"true\" class=\"e-font-icon-svg e-far-copy\" viewBox=\"0 0 448 512\" xmlns=\"http:\/\/www.w3.org\/2000\/svg\"><path d=\"M433.941 65.941l-51.882-51.882A48 48 0 0 0 348.118 0H176c-26.51 0-48 21.49-48 48v48H48c-26.51 0-48 21.49-48 48v320c0 26.51 21.49 48 48 48h224c26.51 0 48-21.49 48-48v-48h80c26.51 0 48-21.49 48-48V99.882a48 48 0 0 0-14.059-33.941zM266 464H54a6 6 0 0 1-6-6V150a6 6 0 0 1 6-6h74v224c0 26.51 21.49 48 48 48h96v42a6 6 0 0 1-6 6zm128-96H182a6 6 0 0 1-6-6V54a6 6 0 0 1 6-6h106v88c0 13.255 10.745 24 24 24h88v202a6 6 0 0 1-6 6zm6-256h-64V48h9.632c1.591 0 3.117.632 4.243 1.757l48.368 48.368a6 6 0 0 1 1.757 4.243V112z\"><\/path><\/svg>\t\t\t<\/span>\n\t\t\t\t\t\t\t\t\t<span class=\"elementor-button-text\">Ver entradas<\/span>\n\t\t\t\t\t<\/span>\n\t\t\t\t\t<\/a>\n\t\t\t\t<\/div>\n\t\t\t\t\t\t\t\t<\/div>\n\t\t\t\t<\/div>\n\t\t\t\t\t<\/div>\n\t\t\t\t<\/div>\n\t\t<div class=\"elementor-element elementor-element-99d2df0 e-flex e-con-boxed e-con e-parent\" data-id=\"99d2df0\" data-element_type=\"container\" data-e-type=\"container\">\n\t\t\t\t\t<div class=\"e-con-inner\">\n\t\t\t\t<div class=\"elementor-element elementor-element-242a3f6 elementor-widget-divider--view-line elementor-widget elementor-widget-divider\" data-id=\"242a3f6\" data-element_type=\"widget\" data-e-type=\"widget\" data-widget_type=\"divider.default\">\n\t\t\t\t<div class=\"elementor-widget-container\">\n\t\t\t\t\t\t\t<div class=\"elementor-divider\">\n\t\t\t<span class=\"elementor-divider-separator\">\n\t\t\t\t\t\t<\/span>\n\t\t<\/div>\n\t\t\t\t\t\t<\/div>\n\t\t\t\t<\/div>\n\t\t\t\t<div class=\"elementor-element elementor-element-3a02144 elementor-widget elementor-widget-heading\" data-id=\"3a02144\" data-element_type=\"widget\" data-e-type=\"widget\" data-widget_type=\"heading.default\">\n\t\t\t\t<div class=\"elementor-widget-container\">\n\t\t\t\t\t<h2 class=\"elementor-heading-title elementor-size-default\">Entradas recientes<\/h2>\t\t\t\t<\/div>\n\t\t\t\t<\/div>\n\t\t\t\t\t<\/div>\n\t\t\t\t<\/div>\n\t\t<div class=\"elementor-element elementor-element-ddd7b2c e-flex e-con-boxed e-con e-parent\" data-id=\"ddd7b2c\" data-element_type=\"container\" data-e-type=\"container\">\n\t\t\t\t\t<div class=\"e-con-inner\">\n\t\t\t\t<div class=\"elementor-element elementor-element-1356ec8 elementor-widget elementor-widget-shortcode\" data-id=\"1356ec8\" data-element_type=\"widget\" data-e-type=\"widget\" data-widget_type=\"shortcode.default\">\n\t\t\t\t<div class=\"elementor-widget-container\">\n\t\t\t\t\t\t\t<div class=\"elementor-shortcode\"><div class=\"wiki-entradas-grid\"><article class=\"wiki-entrada\"><a href=\"https:\/\/wiki.gobiernoriocuarto.gob.ar\/?p=660\" class=\"wiki-thumb-link\"><img decoding=\"async\" width=\"298\" height=\"64\" src=\"https:\/\/wiki.gobiernoriocuarto.gob.ar\/wp-content\/uploads\/2026\/04\/Captura-de-pantalla-2026-04-10-114228.png\" class=\"wiki-thumb wp-post-image\" alt=\"\" \/><\/a><h2 class=\"wiki-title\"><a href=\"https:\/\/wiki.gobiernoriocuarto.gob.ar\/?p=660\">Error de importaci\u00f3n GX18 a GX17: &#8220;Cannot convert value &#8216;sdt:WWPContext&#8230;&#039;&#8221;<\/a><\/h2><div class=\"wiki-excerpt\"><p>Error de importaci\u00f3n GX18 a GX17: &#8220;Cannot convert value &#8216;sdt:WWPContext&#8230;'&#8221; \ud83d\udccc Descripci\u00f3n del Problema Al intentar exportar transacciones (o un conjunto de objetos que incluyen transacciones) desde una Knowledge Base en GeneXus 18 hacia una en GeneXus 17, el proceso de importaci\u00f3n falla arrojando errores de conversi\u00f3n en las propiedades de las variables, espec\u00edficamente relacionados [&hellip;]<\/p>\n<\/div><a href=\"https:\/\/wiki.gobiernoriocuarto.gob.ar\/?p=660\" class=\"wiki-btn\">Ver m\u00e1s \u2192<\/a><\/article><article class=\"wiki-entrada\"><a href=\"https:\/\/wiki.gobiernoriocuarto.gob.ar\/?p=656\" class=\"wiki-thumb-link\"><img decoding=\"async\" width=\"96\" height=\"37\" src=\"https:\/\/wiki.gobiernoriocuarto.gob.ar\/wp-content\/uploads\/2026\/04\/Captura-de-pantalla-2026-04-08-112939.png\" class=\"wiki-thumb wp-post-image\" alt=\"\" \/><\/a><h2 class=\"wiki-title\"><a href=\"https:\/\/wiki.gobiernoriocuarto.gob.ar\/?p=656\">Buenas pr\u00e1cticas para optimizar la navegaci\u00f3n en base de datos<\/a><\/h2><div class=\"wiki-excerpt\"><p>\ud83e\udde0 Buenas pr\u00e1cticas para optimizar la navegaci\u00f3n en base de datos Despu\u00e9s de trabajar con consultas pesadas y migraciones (sobre todo de GX9 a GX18), hay varias cosas que impactan much\u00edsimo en la performance. Muchas no son obvias al principio, pero cuando las aplic\u00e1s bien, la diferencia se nota enseguida. \u26a1 1. Evitar funciones sobre [&hellip;]<\/p>\n<\/div><a href=\"https:\/\/wiki.gobiernoriocuarto.gob.ar\/?p=656\" class=\"wiki-btn\">Ver m\u00e1s \u2192<\/a><\/article><article class=\"wiki-entrada\"><a href=\"https:\/\/wiki.gobiernoriocuarto.gob.ar\/?p=651\" class=\"wiki-thumb-link\"><img decoding=\"async\" width=\"261\" height=\"182\" src=\"https:\/\/wiki.gobiernoriocuarto.gob.ar\/wp-content\/uploads\/2026\/04\/Captura-de-pantalla-2026-04-06-113127.png\" class=\"wiki-thumb wp-post-image\" alt=\"\" \/><\/a><h2 class=\"wiki-title\"><a href=\"https:\/\/wiki.gobiernoriocuarto.gob.ar\/?p=651\">Error &#8220;Fantasma&#8221; en la Especificaci\u00f3n de Procedimientos Migrados. (Build failed sin decir donde esta el error)<\/a><\/h2><div class=\"wiki-excerpt\"><p>Hoy me paso que al migrar un procedimiento de GX17 a GX18 me tiraba error al Buildear, pero sin decirme donde estaba el error, luego de muchas pruebas y ir comentado parte por parte resulta que el problema estaba en un simple &#8216;Print Cabezal&#8217; ya que dentro del layout habia una imagen huerfanaIm\u00e1genes Hu\u00e9rfanas: Controles [&hellip;]<\/p>\n<\/div><a href=\"https:\/\/wiki.gobiernoriocuarto.gob.ar\/?p=651\" class=\"wiki-btn\">Ver m\u00e1s \u2192<\/a><\/article><\/div><\/div>\n\t\t\t\t\t\t<\/div>\n\t\t\t\t<\/div>\n\t\t\t\t\t<\/div>\n\t\t\t\t<\/div>\n\t\t\t\t<\/div>\n\t\t","protected":false},"excerpt":{"rendered":"<p>Wiki \u00c1rea de Sistemas Ver entradas Entradas recientes<\/p>\n","protected":false},"author":3,"featured_media":0,"parent":0,"menu_order":0,"comment_status":"closed","ping_status":"closed","template":"","meta":{"footnotes":""},"class_list":["post-125","page","type-page","status-publish","hentry"],"_links":{"self":[{"href":"https:\/\/wiki.gobiernoriocuarto.gob.ar\/index.php?rest_route=\/wp\/v2\/pages\/125","targetHints":{"allow":["GET"]}}],"collection":[{"href":"https:\/\/wiki.gobiernoriocuarto.gob.ar\/index.php?rest_route=\/wp\/v2\/pages"}],"about":[{"href":"https:\/\/wiki.gobiernoriocuarto.gob.ar\/index.php?rest_route=\/wp\/v2\/types\/page"}],"author":[{"embeddable":true,"href":"https:\/\/wiki.gobiernoriocuarto.gob.ar\/index.php?rest_route=\/wp\/v2\/users\/3"}],"replies":[{"embeddable":true,"href":"https:\/\/wiki.gobiernoriocuarto.gob.ar\/index.php?rest_route=%2Fwp%2Fv2%2Fcomments&post=125"}],"version-history":[{"count":77,"href":"https:\/\/wiki.gobiernoriocuarto.gob.ar\/index.php?rest_route=\/wp\/v2\/pages\/125\/revisions"}],"predecessor-version":[{"id":377,"href":"https:\/\/wiki.gobiernoriocuarto.gob.ar\/index.php?rest_route=\/wp\/v2\/pages\/125\/revisions\/377"}],"wp:attachment":[{"href":"https:\/\/wiki.gobiernoriocuarto.gob.ar\/index.php?rest_route=%2Fwp%2Fv2%2Fmedia&parent=125"}],"curies":[{"name":"wp","href":"https:\/\/api.w.org\/{rel}","templated":true}]}}